 d + a = 39. What are the prime factors of d?
43
Let t(w) = -3005*w - 110. List the prime factors of t(-2).
2, 5, 59
Let v(l) = 7*l**2 + 4*l - 7. Let n = 29 - 25. What are the prime factors of v(n)?
11
Let n = 21 - 21. What are the prime factors of n - 29*(1 - 3)?
2, 29
Suppose -818 + 962 = 2*s. Let l be -1 + -1 + -7 - -1. List the prime factors of s/(-27)*90/l.
2, 3, 5
Suppose 102*z = 112*z - 9050. List the prime factors of z.
5, 181
Let p = 801 - 570. List the prime factors of p.
3, 7, 11
Let s(c) = c**2 - 9*c - 104. What are the prime factors of s(27)?
2, 191
Suppose -60 + 210 = -5*t. List the prime factors of (-785)/t - (-3)/(1 + -19).
2, 13
Let q be (-57)/(-9) - (-4)/6. Let y be 37/(-3) + q/21. List the prime factors of (69/y)/(4/(-16)).
23
Suppose 3*l = 19 + 74. Let u = 39 - l. List the prime factors of u.
2
Let z(s) = 22*s**2 + 3. Let l(w) = 67*w**2 + 8. Let y(o) = 4*l(o) - 11*z(o). List the prime factors of y(2).
103
Let p be ((-3)/(-9))/(3 + (-40)/15). List the prime factors of 69 - 7/(14/8) - p.
2
Let c(t) = 256*t - 65. What are the prime factors of c(4)?
7, 137
Suppose 26 = 6*z - 4. Suppose 0*d - z*d + 190 = 0. What are the prime factors of d?
2, 19
Suppose 2225 = -52*a + 57*a. List the prime factors of a.
5, 89
Let v = 42 + -19. Let a = v + 26. Let d = 100 - a. What are the prime factors of d?
3, 17
Let x(f) = -2*f**2 + 15*f - 5. Let w be x(6). Let b(d) = d**3 - 12*d**2 - 12*d + 1. Let u be b(w). Suppose -u + 100 = 2*c. List the prime factors of c.
43
Suppose -75 = -24*j + 19*j. List the prime factors of 10/j*21*14.
2, 7
Suppose 19*w = -4*w + 6026. List the prime factors of w.
2, 131
Suppose 8*v = -2 + 50. Let d = v - 4. Suppose 2*w + 273 - 56 = 3*l, 5*l - d*w - 355 = 0. What are the prime factors of l?
3, 23
Let x(a) = -13*a - 35. Let k(q) = 14*q + 36. Let l(m) = -6*k(m) - 7*x(m). What are the prime factors of l(13)?
2, 3, 5
Let o be 5*((-4)/(-22) - (-102)/165). Suppose -5*y = o*g + 135 - 652, -4*y + 424 = -2*g. What are the prime factors of y?
3, 5, 7
Let a = 4 - 12. Let m = 38 + a. Let d = -18 + m. List the prime factors of d.
2, 3
Let n be (1 - 7)/(-7 + 5). Let x = n - -1. Suppose 3*i - c = x, 2*i + c - 21 = -2*c. List the prime factors of i.
3
Let y(k) = k**3 - 8*k**2 + 6*k + 13. Let x be y(7). Let g(r) = -r**2 + r + 11. Let w be g(0). Let j = w - x. List the prime factors of j.
5
Let x(w) = w**3 - 9*w**2 + 9*w - 5. Suppose 3*i - 5 = 19. Let g be x(i). Suppose g*o = 4*n - 58 - 75, 130 = 4*n - 2*o. List the prime factors of n.
31
Let w(t) = -67*t + 121. List the prime factors of w(-6).
523
Let n be 8/6*(-18)/(-12). List the prime factors of (-414)/(-27) - n/6.
3, 5
Let a(f) be the first derivative of -f**4/4 + 2*f**3/3 + 5*f**2/2 - 2*f + 3. Let s be a(3). Suppose -x + s = -3. What are the prime factors of x?
7
Let k be 6/15 - 9/(-15). Suppose -b = -5*a + 14 + 3, -5*b + 4*a - k = 0. Suppose -43 = -b*m - 1. What are the prime factors of m?
2, 7
Let h(w) = 92*w + 1. Let n be h(5). Suppose -b + m - n = -5*b, -b - 2*m = -110. Suppose -323 = -5*r - g - b, 2*r = 4*g + 96. What are the prime factors of r?
2, 3, 7
Suppose y - 7*z = -3*z + 4, 0 = -3*z. Suppose 2*q + 4*l = 60, -y*q - 4*l = -92 - 32. List the prime factors of q.
2
Suppose -2*q = -3*u + 1106, 2*q + 736 = 4*u - 2*u. What are the prime factors of u?
2, 5, 37
Let r(i) = i**2 - 20*i + 32. Let a be r(14). Let b = a - -99. Suppose -2*q = -u + b, -u = -3*u - 4*q + 102. What are the prime factors of u?
7
Let j(b) = -5*b - 2. Let y(k) = 5*k + 3. Let c(p) = 4*j(p) + 5*y(p). List the prime factors of c(14).
7, 11
Suppose 2*p - b + 3 = -2*b, -3*b - 9 = -4*p. Suppose -u + 70 = 2*w, 0 = -p*u - 4*u + 4*w + 232. What are the prime factors of u?
2, 31
Let b(i) = 3*i**2 + 4*i + 1. Let g be b(3). Let l = g - 20. List the prime factors of l.
2, 5
Suppose 5*d + 0*d + 710 = 0. Let v = 155 - d. What are the prime factors of v?
3, 11
Let u(a) = 7 - 10*a - a**3 + a**3 - 5*a + 2*a**3. List the prime factors of u(4).
3, 5
What are the prime factors of (90096/(-192))/((-2)/16)?
2, 1877
Let t be (-5)/1*(-2)/(3 - 1). Let f(g) = 5*g**2 - g - 1. What are the prime factors of f(t)?
7, 17
Let k(l) = 7*l - 6. Suppose z - 35 = -4*z. List the prime factors of k(z).
43
Suppose 130*r = 132*r - 542. What are the prime factors of r?
271
Let o(c) = 3*c**2 - 7*c + 8. Suppose 10*i = 5*i + 20. What are the prime factors of o(i)?
2, 7
Let i(r) = 51*r**3 - 13 - 52*r**3 + r + 8*r**2 - 3*r. List the prime factors of i(7).
2, 11
What are the prime factors of 1505 - (14 - 7 - 2)?
2, 3, 5
Suppose -2*x + 152 = -462. List the prime factors of x.
307
Suppose 185*u - 71104 = 153*u. What are the prime factors of u?
2, 11, 101
Suppose -3*u - 2*u + 5*x = 545, u = 4*x - 124. Let i = -29 - u. What are the prime factors of i?
3, 5
Let b = 481 + -327. Let m = b + 35. Suppose -5*j + 234 = -3*x, -4*j + 7*x + m = 4*x. List the prime factors of j.
3, 5
Suppose 3*d + 35 = -b, -b + 3*d - 17 = -0*d. Let u = b - -81. What are the prime factors of u?
5, 11
Let b = -32 + 82. Suppose b = 3*n + 8. List the prime factors of 6/(-4)*n/(-3).
7
What are the prime factors of (-3 + -2 - -113)*2?
2, 3
Let p(j) = 95*j - 143. List the prime factors of p(10).
3, 269
Suppose -3*i - r + 25 = -6*r, 5*i - 3*r = 31. Let f(u) = 0*u + 10*u - 2 + 2*u. List the prime factors of f(i).
2, 29
Suppose -3*f + 0*f = 3*g - 15, 4*f = 2*g + 8. Let s = -2 + g. Suppose -3*h + r + 45 = -s*r, 0 = -3*h + 4*r + 45. List the prime factors of h.
3, 5
Let l(o) = o**3 + 8*o**2 - 12*o - 9. Let c be (-20)/70 + 88/14. Suppose 4*r = 2*m + c, -m - 5*r - 33 = m. List the prime factors of l(m).
2, 3
Suppose 5240 = -2269*t + 2277*t. List the prime factors of t.
5, 131
Let a(f) = -7*f**3 + 19*f**2 + 9*f - 24. Let m(v) = 3*v**3 - 9*v**2 - 4*v + 13. Let b(r) = 2*a(r) + 5*m(r). What are the prime factors of b(7)?
3
What are the prime factors of (16 + -17)/((-2)/534)?
3, 89
Suppose f = -11 + 44. Suppose -3*c + f = -0*c. List the prime factors of c.
11
Suppose -5*c - 2 - 13 = 0. List the prime factors of 532/6 + c/(-9).
89
Let m(q) be the second derivative of -q**3 - q**2/2 + 4*q. Let r be m(-1). Suppose 0 = 3*g - r - 16. What are the prime factors of g?
7
Let n(q) = q**2 - 4*q. Let j be n(5). Suppose 15 = -0*r + j*r. Suppose -r*o - 75 = -8*o. List the prime factors of o.
3, 5
Let q(s) = -16*s + 484. What are the prime factors of q(0)?
2, 11
Let p = -81 - -173. Suppose -5*h = -6*h - p. Let k = -60 - h. List the prime factors of k.
2
Suppose -4*k = -45 + 25. Suppose -m + 5 = 3*p, -k - 10 = -5*p + 5*m. List the prime factors of p.
2
Let t(p) be the first derivative of -p**4/4 + 8*p**3/3 - 3*p**2/2 + 5*p + 10. What are the prime factors of t(6)?
59
Suppose -5*f + 1105 - 210 = 0. What are the prime factors of f?
179
Suppose 4*v + 4*c - 8 = -24, 3*c - 52 = 5*v. Let n be (-2)/(-7) - v/(-28). Suppose n = k - 2*k + l + 27, -66 = -2*k - l. What are the prime factors of k?
31
Suppose 0 = -0*l + 4*l - 12. Suppose 4*m - 140 = -4*a, -m - 4*a - 40 = -l*m. List the prime factors of m.
2, 3, 5
Suppose 6*o + 4*o = 0. What are the prime factors of (-3 - -99) + o + -2?
2, 47
Let h = -11 + 9. Let y(j) = j - 1. Let l(k) = 4*k**2 - k - 6. Let o(d) = h*y(d) + l(d). List the prime factors of o(3).
23
Suppose 3*u - 3*r = -6*r - 483, -2*u - 322 = -r. What are the prime factors of (-1)/(-1 - 160/u)?
7, 23
Let c(h) = 3*h**2 + 10*h + 1. Let o(z) = 2*z**2 - z - 1. Let l be o(-2). Suppose -n - l + 3 = 0. List the prime factors of c(n).
7
Let o be (1/(-1))/((-13)/104). Suppose 5*u = 3*w + 35, -5*u + 2*u - o = 4*w. List the prime factors of 410/14 - u/14.
29
Let y = -45 + 50. Suppose 2*n = 4*g - 2*n - 408, 0 = y*g + 3*n - 486. What are the prime factors of g?
3, 11
Suppose -15 = -5*u - 0. Suppose -8 = u*k - 20. Suppose 3*m + 93 + 4 = k*w, 2*w - 52 = -2*m. What are the prime factors of w?
5
Suppose -s = -5*s + 24. Suppose -10 = 2*j, z + 4*j + 14 + 4 = 0. Suppose -s*b + z*b + 264 = 0. What are the prime factors of b?
2, 3, 11
Let s be (-7)/(0 - 1*-1). Let w(z) be the third derivative of -z**6/120 - 7*z**5/60 - z**4/8 + 2*z**3/3 - 68*z**2. List the prime factors of w(s).
5
Let w(n) = 75*n**3 - n**2 + n. List the prime factors of w(1).
3, 5
Let y = -21 + 55. List the prime factors of (-4 - 9/(-2))/(1/y).
17
Let z = 545 - 328. What